 - 0) + (67 - 82)?
-18
-6 + (2 - 5) - (-29 - (-22 + -20 + 45))
23
Evaluate 8 + (0 + -103 - 0) + -36 + 138 + -103.
-96
Evaluate 1 - ((-1 - 1) + -6) - (1111 + -1085).
-17
What is -7176 + 7183 - (-4 + 2 + (0 - 0))?
9
What is 7 + 8 - -8 - (53 + -3)?
-27
What is 294 + -280 - (13 + 2) - -3?
2
Calculate -81 + -2 + 34 - -73.
24
77 - (-157 - (-244 + 22))
12
Calculate -88 + -86 + 151 + (-1 - -92).
68
Calculate (-42 - (-52 - -13)) + 50.
47
What is the value of (-1 - 13) + (643 - 655)?
-26
Evaluate 306 + -288 - (8 - 9 - 7).
26
Calculate (6 + 13 + 9 - -17) + -12 + 1.
34
Evaluate -1 - (0 - 0 - 12 - (-386 + 179 + 238)).
42
Evaluate 2 + -10 + (-14 + 10 + 4 - (18 + 0)).
-26
Calculate 5 + -4 + 2 + 15 + (25 - 41).
2
(4 + -25 + 5 - -2) + -7 + 2
-19
Evaluate 2 + -71 - 67 - -60.
-76
-1779 - -1790 - ((-1 - -4) + -1 + 1 + 64)
-56
Calculate -39 + (1 - (14 + -22 + -17)) + (88 - 1).
74
Calculate 49 - 89 - (-1 - 2 - (-3 + 10 + -3)).
-33
0 - ((-23 - -34) + 115) - -28
-98
Calculate (2 - -8) + 22 + -19 - (-65 + 61).
17
Evaluate (0 - -25) + 78 + (-35 - -39).
107
(-186 - -111 - -23) + 1 + 18
-33
(-33 - -15) + -3 + 65
44
Calculate (-2 - 7) + 172 + -157 - 32.
-26
What is 66 - (-18 + 43 + (3 - 10 - 4))?
52
What is the value of -51 - (-83 + 11 - -17)?
4
Calculate 72 + (-82 - -79 - 70).
-1
-18 + 68 + -76 - (-2 + (-4 - -5))
-25
-21 + 70 + (20 - 17) + -19
33
Calculate -48 + -58 + 78 - 35.
-63
Evaluate (10 - 20 - -12 - 15) + -7 + 20 + -4.
-4
What is 4 - ((9 - 23) + 14) - -38?
42
(-45 - 76 - -43) + 31
-47
What is 29 - (-14 + (-17 - (22 + -35)))?
47
Evaluate (2 + (-2 - -6) - -5) + 1065 + -1102.
-26
What is 6 + (-59 - (-6 - (-5 - (-5 - 2))))?
-45
Evaluate (39 - 8) + (-967 - -979).
43
What is 195 - (281 + -65 - 120)?
99
Calculate -708 - -510 - (-98 + -5).
-95
(-51 - -168) + 4 + (-6 - (14 - -4))
97
Calculate 79 + (12 - 96) - (2 + -34).
27
Evaluate (154 - -1) + (-7297 - -7219).
77
Calculate -1 + 1 - (6 + -1) - (71 + -48).
-28
What is the value of -10 + 50 - 6 - -8 - (0 - (0 + 3))?
45
Evaluate (1413 - 1369) + (-1 - -1 - -20).
64
What is the value of 1319 + -1323 + (0 - -1 - (-45 + 3))?
39
-8 - (-12 - (-7 - -8) - -7) - (-20 - -2)
16
Calculate (14 - 28) + -49 + 52 + 99.
88
What is the value of -149 - (103 - 263) - 102?
-91
9 + 47 + (-1446 - -1385) - (0 + (-5 - 0))
0
Evaluate -29 + (-20 - -7) + 21 + 1 + 2 + -2.
-20
What is the value of -1 + -43 - (-29 + (-40 - -41) + 8)?
-24
Calculate (21 - (4 - -4)) + -1 - (-47 + 87).
-28
What is the value of -4 + 13 + -50 + 19 + 33?
11
What is 51 + -54 - (-90 + 0 + 7 + -16 + -1)?
97
61 - (4 + (-4 - (23 + -8)) - -12)
64
Evaluate -29 - -80 - 45 - 25.
-19
What is the value of 14 + 40 + -5 + (8 - 11) + -16?
30
6 + -21 + 41 + (-27 - -50)
49
Calculate 3 - (-5 + 5) - (42 + 16 + -12).
-43
Calculate 21 + 31 + -32 + -140 - (8 + -3).
-125
Evaluate -303 + 333 + 2 + 35 + (-9 - -1).
59
Evaluate -23 + 32 + -34 - -12 - -17.
4
-13 + (-11 - -24) + (11 - -1) + (-24 - 45)
-57
Evaluate -57 + (-29 - -62) + 72.
48
Calculate 1 + -19 + 8 + 1 + (5 - (4 - 4)).
-4
-16 + (39 - (30 - (-66 - 2)))
-75
10 - ((-66 - -90) + -25 + 0 + -2 + 87)
-74
Evaluate -8 - ((-2 - -1) + -31 + 36).
-12
What is the value of 37 + -13 - (-18 - (37 - 27) - -28)?
24
Evaluate 2 - -38 - (312 - 286).
14
What is -3675 - -3678 - (1 + -21 - -1)?
22
What is the value of (25 - 13 - 110) + 35?
-63
What is 40 + 3 + (-3 - -2) - (-20 - -41 - 22)?
43
What is -4 - -15 - (46 + -58) - -24?
47
73 + -80 - (2 + -1 + 1) - -51
42
Evaluate (-7 + -9 - 15) + 17 - -21.
7
What is (-2 - ((-10 - -4) + -7)) + (7 - -41) + -5?
54
Evaluate -11 + -4 + 8 - (5 - (29 - 28 - -25)).
14
Calculate 2 - (13 - (-9 + (-105 - -106 - (-15 - 0)))).
-4
What is -173 + 171 - (2 + 14 - 0)?
-18
-124 - -6 - ((-14 - 10) + -12)
-82
What is the value of (44 - (-127 - -177)) + (0 - -2 - (-1 + 46))?
-49
What is -1 - (1 - 0) - (-29 - 73 - -31)?
69
-1 - -19 - (192 - (-15 + 99))
-90
Evaluate (52 + -4 - (-11 - (-23 + -2))) + 16.
50
What is the value of 11 + (-4 - -15 - (3 - -5 - 6) - 12)?
8
What is (-17 - (-31 + 25)) + 6 + -89 - -8?
-86
(8 - -35) + 9 + (-9 + 31 - 14)
60
What is (-14 + 4 - -4) + 22 - 91 - (4 + 4)?
-83
What is -59 - (8 + (-12 - (-12 + 0)) - 22)?
-45
What is (-3 - (67 + 4)) + 76?
2
What is -24 - (-18 + 2) - (7 + -2)?
-13
What is the value of 16 + 16 + -57 + 3?
-22
Calculate 20 + 11 + (9 - -1 - 37) - -13.
17
-2 + (-36 + 33 - (-10 + 20))
-15
Calculate 23 - (21 - -21) - (5 + -44).
20
-34 - (-77 - -27 - -21) - 18
-23
Evaluate -7 + -14 - (-39 - (-21 - -17)).
14
What is -2 + -21 + (10 - 68) - 13 - -6?
-88
What is the value of -128 + (-13 - -65) + (-3 - -17 - 3)?
-65
What is 74 + 1 + 949 + -992?
32
-21 + (-41 - (-4 + 22)) - -1
-79
Calculate -7 + 14 + -7 + (12 - (12 + -6)) + 29.
35
What is the value of (72 - 15) + (-57 - -80) + -33?
47
-6 - (10 - (-3 + 23 + -11)) - -16
9
Calculate (-48 + 15 - (-79 + 89)) + 40.
-3
What is the value of 1261 + -1277 - (2 - 5)?
-13
(-32 + 20 - 9 - -51) + -19
11
Calculate (2 - (11 - 6)) + (-2 - -13) + 103.
111
Calculate 6 + -8 + -9 - (9 - 3 - -20).
-37
Evaluate 34 - (-121 + 36 - -119).
0
-111 + 25 + (123 - 104)
-67
Calculate 9 - ((3 + 32 + -19 - 23) + -52).
68
What is (128 - 91) + -60 - -33?
10
What is the value of (-2 - (-22 - -1)) + (13 - 193 - -183)?
22
-242 + 242 - (50 - -1)
-51
What is the value of (98 - 118 - (-11 + 1)) + 9 - (-41 - -7)?
33
117 + -9 + -23 + -49
36
((3 - -129) + 6 - (-22 - -30)) + (1 - -1)
132
Evaluate (5 - (-19 + 19 - -37)) + 28.
-4
(2 - 10) + -13 + -2 + -89 + (185 - 199)
-126
Evaluate 20 + 20 + -66 + (32 - 50).
-44
What is the value of 5 - (9 + -49 + 36 + -14)?
23
(-2 - -2) + 0 - (56 + 32 - (-9 + -2))
-99
(0 - 28) + (233 - 228) + 67
44
What is the value of (-7 + -18 - 1) + (-8 - 14)?
-48
What is (-50 - -20) + (-39 - -92)?
23
Evaluate -9 - -15 - (-27 - (1 - 1)).
33
What is (19 - (-9 + 31 + -21)) + 2 + 1 + 1?
22
(-3 - (16 - (-12 + 29))) + (-1 - 46)
-49
What is 9 + 1 + (-361 - -324)?
-27
What is the value of -2 + -29 + -25 + 110?
54
Calculate -48 + -20 + 20 - (-1 + 2 + (-4 - 1)).
-44
Calculate 63 + -8 + (3 - (7 - 9)) + -11 + 18.
67
What is 6 + (2 - 5) + -17 - (23 - 151)?
114
Evaluate (-2 + 11 - -26) + -24 + -9.
2
Evaluate (-47 - -34 - 65) + 41.
-37
What is the value of -5 - -1 - -5 - -12 - (-243 + 309) - 5?
-58
Calculate -57 + 55 - 9 - (4 - 8 - -61 - -2).
-70
1 - -49 - (-2 - (-210 + 235))
77
Calculate -67 - (26 - (-12 - -18)) - 35.
-122
Evaluate 16 + 111 + 4 + -112.
19
Calculate 10935 - 10862 - (37 + -1).
37
What is -14 + 0 + 86 + (-22 - -43) + -16?
77
(19 - 4) + (-7 - (-17 + 8)) + 11 + -114
-86
0 + 145 - ((43 + -37 - 15) + 25)
129
Calculate (7 + 3 - (-375 + 368)) + -51.
-34
What is 9 + 1 + -67 + 51 - ((-3 - -5) + -38)?
30
What is the value of -29 + (-13 - -6 - ((-11 - 6) + 17))?
-36
(10 - 5 - -38) + -26 + 9
26
What is the value of 2 + (-44 - (-48 - -19) - (-5 - 1))?
-7
What is -4 - 1 - (15 + (11 - (-21 - -49)) + 8)?
-11
(-23 + 17 - 54) + 8 - 10
-62
What is the value of (2 + -1 - -8 - 13) + 47?
43
Evaluate 22 + 22 + -30 - 25 - -74.
63
What is (-15 - 4) + (79 - 64) + (-27 - 1)?
-32
Calculate -34 - (208 - 190 - (17 + 0)).
-35
Evaluate -8 + -63 + -8 + 934 + -928.
-73
Calculate -2 - (10 + (16 - 6) + -12) - (-12 - 59).
61
Calculate -14 + 9 + 13 + -35 + 10 + 6.
-11
-21 - (-21 - -28) - (26 - 64)
10
What is the value of -17 - -1 - (-8692 + 8642)?
34
Calculate (82 - 87) + (-1 + -10 - -26).
10
What is 93 + -102 + (-4 + -4 + 7 - (-80 - 2))?
72
Evaluate -50 + 90 - 15 - -8.
33
What is -1 + 3 + -5 + -2 + 4 + -93 + 90?
-4
Calculate (-66 - -31 - 1) + 20.
-16
Calculate 28 - (97 - 76 - -50).
-43
What is 12 - (-37 - (47 - 85))?
11
Evaluate 9 + (57 + -28 - 48) - (-32 + 2 + -2).
22
Evaluate -36 + (3 - (1 + 5)) + (15 - 10 - 11).
-45
Calculate (-6 + -24 - -17) + 26 - 20.
-7
Calculate 72 - (59 - 116 - -203).
-74
65 + (32 + -20 - 33)
44
Calculate -35 + (-31 - -40) + -1 - -145.
118
What is the value of -358 + 303 + -25 + -13 + 8?
-85
Evaluate 1 + (2 + -3 - (-19 - -1)) - (-1140 + 1145).
13
What is 12 - 4 - (0 - -11) - ((-43 - -7) + 26)?
7
8 + (-67 + -2 - (-21 + 18) - 0)
-58
Evaluate -14 - (-7 - -14 - -1 - 1).
-21
-30 + -16 + 5 + (15 - -12)
-14
-2 - -35 - (-22 + (-64 - -242))
-123
What is the value of (2 + -9 - (39 + -19 + -15)) + -45 + 3?
-54
Calculate -140 + (-13 + -2 + 2 - (-262 + 166 - -93)).
-150
Calculate (5 - -10 - -23) + (-15 - (0 +